True
Does 1034 divide 16512980?
True
Does 30 divide 95445766?
False
Is 530364429 a multiple of 621?
True
Does 14 divide 79221043?
False
Is 867 a factor of 88928157?
False
Does 10 divide 32330040?
True
Is 3997921466 a multiple of 2674?
True
Is 866 a factor of 598671862?
True
Does 131 divide 910204375?
True
Is 721 a factor of 26977657?
True
Is 679518050 a multiple of 137?
False
Is 844 a factor of 27636780?
True
Is 682051272 a multiple of 42?
True
Is 876895 a multiple of 83?
True
Is 150350619 a multiple of 23?
False
Is 35612895 a multiple of 79?
False
Is 1575 a factor of 93345525?
True
Is 12273308 a multiple of 385?
False
Does 7 divide 213458935?
False
Is 1434 a factor of 84637443?
False
Is 68 a factor of 294657603?
False
Is 13 a factor of 198552900?
True
Is 461065680 a multiple of 45?
True
Does 21 divide 767147661?
True
Does 652 divide 88621150?
False
Is 128127120 a multiple of 220?
True
Is 162695463 a multiple of 4629?
True
Is 52 a factor of 920364484?
True
Is 26537838 a multiple of 2463?
False
Is 31700406 a multiple of 19?
False
Is 64600830 a multiple of 5?
True
Is 937 a factor of 609736821?
True
Is 77090002 a multiple of 436?
False
Is 567348342 a multiple of 743?
False
Is 89814197 a multiple of 15?
False
Is 28 a factor of 2392998720?
True
Is 67680967 a multiple of 1039?
False
Is 1519 a factor of 136119652?
False
Is 690639776 a multiple of 85?
False
Is 178 a factor of 46527598?
True
Is 125661496 a multiple of 1766?
True
Is 10602115 a multiple of 96?
False
Is 132 a factor of 25851268?
False
Does 391 divide 137361754?
False
Is 3768838975 a multiple of 281?
False
Is 1600 a factor of 14998400?
True
Is 11829445 a multiple of 9?
False
Is 314 a factor of 1928744511?
False
Does 24 divide 14621338?
False
Is 1817587967 a multiple of 47?
False
Is 30 a factor of 148494420?
True
Is 7 a factor of 8435352?
False
Is 2777208 a multiple of 56?
True
Does 110 divide 142895280?
True
Does 80 divide 6472226?
False
Is 17 a factor of 220668653?
True
Does 282 divide 46532820?
True
Does 11 divide 14231173?
True
Is 479 a factor of 148731016?
False
Does 150 divide 30333249?
False
Is 21198006 a multiple of 30?
False
Is 40 a factor of 12732477?
False
Does 102 divide 312834?
True
Is 2 a factor of 80074232?
True
Is 48842068 a multiple of 204?
False
Is 3137580 a multiple of 4?
True
Is 4341 a factor of 318911565?
True
Is 831 a factor of 428805972?
True
Does 74 divide 4706798416?
True
Does 9 divide 29034919?
False
Is 204948032 a multiple of 8?
True
Is 1570 a factor of 40735220?
True
Is 83 a factor of 2487500787?
True
Is 503 a factor of 21943878?
True
Is 1203 a factor of 3212351324?
False
Does 282 divide 529664808?
True
Is 342941994 a multiple of 58?
True
Does 362 divide 11850070?
True
Is 72480763 a multiple of 31?
False
Is 15 a factor of 12244830?
True
Does 44 divide 159504359?
False
Does 28 divide 75109524?
True
Is 234 a factor of 31043941?
False
Does 1089 divide 27056558?
False
Is 12807690 a multiple of 9?
False
Is 9 a factor of 146587707?
True
Is 98 a factor of 54423481?
False
Is 18 a factor of 389260224?
True
Is 82 a factor of 7507756?
True
Is 170 a factor of 1234828928?
False
Does 113 divide 69862137?
True
Does 4 divide 320856568?
True
Is 172 a factor of 1272620710?
False
Does 41 divide 10111215?
True
Does 6152 divide 1324103300?
False
Is 393627226 a multiple of 21?
False
Does 900 divide 18856800?
True
Does 24 divide 1244809444?
False
Is 45815496 a multiple of 5?
False
Is 335 a factor of 60539336?
False
Is 129 a factor of 287568607?
False
Does 120 divide 187107120?
True
Does 175 divide 5326475?
True
Does 221 divide 1874621315?
False
Is 329 a factor of 38116990?
False
Is 65617232 a multiple of 6?
False
Is 607870944 a multiple of 2243?
True
Is 125412201 a multiple of 143?
False
Is 2002413120 a multiple of 69?
True
Is 2330 a factor of 97826241?
False
Is 145393212 a multiple of 11?
False
Does 2118 divide 177511698?
True
Does 9 divide 55978520?
False
Is 4526 a factor of 1022950253?
False
Is 20 a factor of 43158720?
True
Is 19951269 a multiple of 43?
True
Is 53807248 a multiple of 44?
True
Is 6389 a factor of 1090825915?
True
Does 6 divide 29957311?
False
Does 3 divide 11268680?
False
Is 22182588 a multiple of 404?
False
Is 4020462828 a multiple of 4567?
False
Does 832 divide 198169088?
True
Is 215848191 a multiple of 9?
False
Is 13 a factor of 283294752?
True
Does 180 divide 1370372673?
False
Is 1994976 a multiple of 18?
True
Is 380140467 a multiple of 1919?
True
Is 3297 a factor of 232178037?
True
Is 109 a factor of 204197984?
True
Does 39 divide 79985490?
True
Is 2311 a factor of 444487264?
False
Is 17477351 a multiple of 21?
False
Is 14 a factor of 586104694?
True
Is 311 a factor of 543477787?
True
Is 7065 a factor of 941028190?
False
Is 433960692 a multiple of 51?
False
Is 94367520 a multiple of 80?
True
Is 359 a factor of 146157718?
False
Is 107 a factor of 804218420?
True
Is 135 a factor of 14948145?
True
Does 141 divide 2305350?
True
Is 143950632 a multiple of 28?
True
Does 108 divide 831754008?
True
Does 679 divide 90623414?
True
Is 992231946 a multiple of 2679?
True
Is 6 a factor of 232188822?
True
Is 1350497 a multiple of 2?
False
Does 6 divide 3015540?
True
Does 34 divide 195117409?
False
Is 34690164 a multiple of 611?
False
Is 21 a factor of 35042847?
True
Does 593 divide 1330896320?
False
Does 514 divide 1864208610?
True
Is 132543760 a multiple of 3063?
False
Is 209265771 a multiple of 507?
True
Is 1080 a factor of 2360358360?
True
Is 192766160 a multiple of 776?
True
Is 4 a factor of 44515980?
True
Does 17 divide 1150810222?
False
Is 840301082 a multiple of 1238?
False
Is 110028563 a multiple of 15?
False
Is 497 a factor of 4870240172?
True
Is 132 a factor of 266983068?
True
Is 521 a factor of 875460787?
True
Is 58920576 a multiple of 962?
True
Is 14041516 a multiple of 9?
False
Is 250722248 a multiple of 28?
True
Does 39 divide 29268910?
False
Is 103857926 a multiple of 183?
False
Does 8 divide 425966712?
True
Does 962 divide 5299986425?
False
Does 3 divide 2904507?
True
Is 161 a factor of 49076503?
True
Does 203 divide 9953902?
True
Is 9 a factor of 14024007?
True
Is 898978310 a multiple of 13?
False
Is 2 a factor of 227268572?
True
Is 17828463 a multiple of 3323?
False
Is 576003420 a multiple of 2220?
True
Is 103813640 a multiple of 287?
True
Does 24 divide 297044712?
True
Is 14273042 a multiple of 56?
False
Is 28 a factor of 420507668?
True
Does 1014 divide 152570536?
False
Is 12 a factor of 37287192?
True
Is 244650478 a multiple of 43?
True
Is 976 a factor of 785165216?
False
Is 55 a factor of 103955500?
True
Is 224811020 a multiple of 196?
True
Is 11 a factor of 8991555?
False
Is 240693406 a multiple of 38?
True
Is 1528861785 a multiple of 6299?
True
Is 143099040 a multiple of 224?
True
Is 29 a factor of 109487203?
False
Is 2856564277 a multiple of 1524?
False
Is 1373 a factor of 81112721?
True
Is 26 a factor of 737311751?
False
Is 601412062 a multiple of 281?
False
Is 10602731 a multiple of 183?
False
Is 34 a factor of 68137836?
True
Is 197 a factor of 455734493?
False
Does 50 divide 16897848?
False
Is 96 a factor of 1484191066?
False
Is 572 a factor of 1349614552?
True
Does 339 divide 274505589?
True
Is 334 a factor of 1940034734?
False
Does 242 divide 2247179835?
False
Does 907 divide 83289810?
True
Is 251056512 a multiple of 72?
True
Is 451 a factor of 7514562?
True
Does 467 divide 1539881587?
False
Is 325 a factor of 2646183407?
False
Is 16 a factor of 5270094016?
True
Is 24752988 a multiple of 699?
True
Does 6 divide 5184721?
False
Is 1858 a factor of 327845958?
True
Is 322 a factor of 83092293?
False
Does 672 divide 10809792?
True
Is 193752878 a multiple of 29?
False
Is 838957430 a multiple of 45?
False
Is 83 a factor of 32593353?
True
Does 3888 divide 336836880?
True
Is 197956272 a multiple of 48?
True
Does 133 divide 25488386?
True
Does 2598 divide 114603356?
False
Does 1278 divide 96212046?
False
Is 217 a factor of 1554344346?
False
Is 2926328138 a multiple of 42?
False
Does 6 divide 682893195?
False
Does 732 divide 470452008?
True
Is 2 a factor of 9825451?
False
Is 2018801142 a multiple of 6891?
True
Does 5 divide 621530670?
True
Does 53 divide 30646402?
True
Is 48354571 a multiple of 440?
False
Is 20 a factor of 33187644?
False
Is 63 a factor